o = -4*s - 170. Is (148/o - 54/513) + 23717 prime?
False
Suppose -1254951 = -5*z + 3*q + 73759, 4*z - 1062941 = -3*q. Is z a composite number?
False
Let v(i) = i**3 + 25*i**2 - 26*i - 12. Let r be v(-26). Is (1 + 15671/3)/(r/(-18)) a composite number?
True
Let v = -10534 - -15681. Is v a prime number?
True
Let w(g) = 2707*g + 16. Let y be (-1)/3 - (-84)/63. Is w(y) composite?
True
Let c(z) = -2*z**3 - 2*z**2 + 4*z + 5. Let s be c(-2). Suppose 3538 = s*i - 597. Let v = i - 240. Is v a composite number?
False
Let x(s) = 5*s**2 + 26*s + 7. Let f be x(-5). Suppose 2*g = 3*l - 2*g - 16217, -f*g = -l + 5409. Is l composite?
False
Let g be 2 + (-59395)/(-6 - 1). Suppose -5*q + 14159 = 2*l, -3*q + g = 9*l - 5*l. Is q a composite number?
False
Let l be (1/2)/(5 - 269826/53964). Let t = l + 7067. Suppose 5*m = 5*s - t, -5*m + 484 = -s + 2*s. Is s a composite number?
False
Let b be 1 - 14/10 - 71786/(-65). Let z = 2 + 0. Suppose 0 = -z*c - y + b, 5*c - 5*y = 3*c + 1092. Is c a composite number?
True
Let y(p) = -14*p - 96. Let s be y(-7). Suppose 0 = 5*d - s*d + 3, -4*d + 29691 = 5*i. Is i composite?
False
Suppose 9*y - 6*y = 51. Suppose -19*r + 654 = -y*r. Suppose 6*d - r = 3*d. Is d composite?
False
Let k(p) = -9*p**3 + 5*p**2 - p + 29. Let d(c) = -c. Let i be d(6). Is k(i) a prime number?
False
Suppose -5498428 = -101*x + 9627081 + 13274580. Is x a prime number?
True
Let t(h) = 5381*h - 95. Let q(i) = -5381*i + 93. Let k(y) = 6*q(y) + 5*t(y). Is k(-6) composite?
False
Let j(p) = -36*p - 26. Let m be (-18)/2 - (-2 + (-2)/(-1)). Let o be j(m). Suppose -380 = -2*w + o. Is w composite?
True
Let r = -887215 + 1448432. Is r prime?
False
Let t(a) = 3*a**2 + 2*a - 24. Suppose 4*d - 19 = -87. Is t(d) prime?
True
Let j = 763 + -311. Let b = 25 + -11. Suppose -j + 144 = -b*c. Is c a prime number?
False
Let j be (-2352)/(-539) + (-8)/22. Suppose -j*c = -g - c + 1221, g = 2*c + 1223. Is g composite?
True
Suppose 9*t + 2*t - 278263 = 80656. Is t prime?
False
Suppose -2*i + 8 = 0, -180*i + 182*i - 844623 = -5*b. Is b composite?
True
Suppose b - 2*y + 7 = 0, 3*b - 24 = -5*y + 10. Suppose -2*a + 158 = 4*w, -b*w - 6 = -0. Is (a/(-3))/((-3)/9) a composite number?
False
Let u(j) = 16866*j**2 - 208*j + 619. Is u(3) a prime number?
False
Suppose -w + u = -3610, -3*w - w = 2*u - 14452. Let s(h) = 8*h**3 + 2*h**2 + 3*h - 2. Let x be s(6). Suppose 2*y - 4*k = x, w = 4*y - 2*k - 2*k. Is y prime?
False
Let s(r) = 10*r + 6. Let n be s(3). Let p(o) = -4*o**2 + 37*o**3 + n*o**3 - 6*o**3 - 8*o + 12*o**2 + 1. Is p(4) a prime number?
False
Let p be (9*(-14)/(-63))/(4/10). Suppose 0 = p*u - 0*f + 2*f - 3683, 0 = -u + 2*f + 739. Is u prime?
False
Is (8 - (6/(-2) - -12)) + 669764 prime?
True
Let h(k) = 3*k**3 - 2*k**2 + 5*k - 2. Let t be h(3). Suppose 0 = -7*y + 5*y - t. Let s = y + 57. Is s prime?
True
Let o = 6730 + -4372. Let n = 20585 - o. Is n a prime number?
False
Suppose 1971758 = 9*z + 139979. Is z prime?
True
Let u be 3/9*6*10/(-4). Let w be -5*(u + 1355/(-25)). Let q = -1 + w. Is q a prime number?
False
Let o(a) = -3153*a**3 + 11*a**2 + 28*a + 11. Is o(-2) a prime number?
False
Let h = 189588 - 32947. Is h composite?
False
Let g be (-7)/28 - -1 - (-10)/8. Suppose -i - 52135 + 11526 = -3*v, 0 = -v + g*i + 13533. Is v a composite number?
False
Let j(m) = -9*m**2 + 7*m - 8. Let r = 59 - 49. Let l be j(r). Let d = l - -1217. Is d a prime number?
True
Suppose -29 = -2*t + 25. Let w = t + -34. Let y(x) = -5*x**3 - 8*x**2 + 11*x + 9. Is y(w) composite?
True
Is (-417186)/(-10) + 154/385 a prime number?
True
Let d(t) = 2 - 42*t**3 + 163*t**3 + 2*t**2 + t - 4 + 4*t**2 + 9. Is d(6) composite?
True
Suppose 3*d - 2697 - 244689 = -3*h, 4*d - 5*h = 329803. Is d a prime number?
True
Let u = -3129 - -7095. Suppose -18*n = -15*n - u. Suppose 0 = 5*t - n - 773. Is t a prime number?
True
Let w(p) = -7*p**3 + 165*p**2 + 44*p - 105. Is w(19) composite?
True
Suppose 0 = -b + 5*m + 148295 + 131956, 560490 = 2*b - 4*m. Is b a composite number?
True
Let b be (3/(-2))/((-9)/18). Suppose 0 = 9*h - b*h - 2802. Is h a composite number?
False
Let x be (-2)/(-3)*60/8. Suppose -n - 1760 = -2*a - 0*n, -3*n = -x*a + 4402. Is a prime?
False
Suppose -x - 159529 - 42282 = -5*d, 3*d = -5*x + 121109. Is d composite?
True
Let i be (5/((-5)/498))/((-18)/324). Let x = -2343 + i. Is x a prime number?
False
Suppose -8345 = 66*n - 65*n. Let f = 22186 + n. Is f a prime number?
True
Let s = 149236 + 22605. Is s a composite number?
True
Suppose 209*u + 396146 = 210*u. Is u a prime number?
False
Let z(j) = 4*j**2 - 16*j - 23. Let a be ((-2)/8*43)/(5/(-40)). Let s = 105 - a. Is z(s) a composite number?
False
Is ((-275306)/8)/(-1 - (-12)/16) a composite number?
False
Let i = 184782 + -102569. Is i composite?
True
Let c(m) = -14*m**3 + 4*m**2 - 6*m - 73. Is c(-13) a prime number?
False
Suppose -75 = 10*m - 1215. Suppose m*o = 110*o + 3404. Is o a prime number?
False
Suppose 0*i + 3*i - 3798 = 2*a, 2*a = 6. Suppose 5*c = 19323 - i. Is c prime?
False
Let y = 507062 - 350643. Is y prime?
True
Let c be 0 - -4 - (-40)/(-10). Is 156930/30 - (-1 + (5 - c)) prime?
True
Suppose -6*v + 15 = -3*v. Suppose 0 = v*g + 10. Is (-1)/(1071/(-534) - g) a composite number?
True
Is (-5133177)/(-42) - -14 - (-27)/6 prime?
False
Let k = -98 + 120. Is ((-34793)/k)/((-4)/8) composite?
False
Let v(h) = h + 3. Let q(a) = 407*a + 224. Let l(k) = q(k) + 4*v(k). Is l(5) a prime number?
False
Suppose 3*q + 2*v = 3, -v - 15 = 4*v. Let s = 17 + q. Suppose 0 = 5*m + s, 3*g = 3*m - 0*m + 3969. Is g a composite number?
False
Let q = 30720 - 21793. Is q prime?
False
Is 4290820/60 - 16/24 composite?
True
Suppose s = 5*a + 12576 - 1980, 5*a = -s + 10526. Is s prime?
False
Suppose 45 = 11*n - 8*n. Let a = -13 + n. Suppose -5*m = i - 158 + 19, -a*i - m = -242. Is i a composite number?
True
Let w(o) = 2*o**3 - 12*o**2 + 4*o + 4. Let x be w(6). Suppose -12*z - x*z + 386680 = 0. Is z a prime number?
False
Is 15*9722*(-4)/(-120) prime?
True
Let g = -34644 - -65257. Suppose -13862 = -15*y + g. Is y a composite number?
True
Let d(n) = 988*n**2 + 348*n + 2431. Is d(-7) a composite number?
False
Suppose 13*p - 10*p = 183. Suppose 48 = 3*a - 4*v, 5*a + 2*v = p + 45. Is ((-245)/a)/(-7)*2228 a prime number?
False
Let k(d) = 6559*d**2 + 3*d + 3. Let r be (-5)/(-1)*(-9)/90*2. Is k(r) prime?
False
Suppose -4*z - 2*y = -2*z, -5*y = 10. Let j be (1/z)/(1/6). Is (j - (-76)/1) + 0 a composite number?
False
Suppose -2*p - 43918 = -3*p. Is 14/(-21) - p/(-6) composite?
True
Let s(z) = z - 1. Let y be (-1 - 1) + 2 - (2 + -3). Let k(q) = 208*q. Let b(m) = y*k(m) - 3*s(m). Is b(8) composite?
True
Suppose -3*h = 5*x - 40, -2*x + 0*h = -4*h + 10. Suppose x*b = -0*b + 855. Suppose -577 = -2*c - b. Is c prime?
False
Is (((-92)/16)/(-1))/((-55)/(-335060)) a prime number?
False
Let p(a) = -a**3 + 9*a**2 + 2. Let s = -40 - -49. Let r be p(s). Suppose 2*q - q - 1829 = -r*g, 3*g - 9166 = -5*q. Is q a composite number?
True
Let m(t) = -t**2 + 11*t - 16. Let n be m(2). Suppose 0 = 5*y - n*y + 73494. Is (y/(-27))/((-4)/(-6)) composite?
False
Suppose 7*i = 27 + 15. Suppose i*w - 9*w = -l - 2069, 3*l + 3451 = 5*w. Is w a composite number?
True
Let t(d) = -d**3 + 78*d**2 - 39*d + 219. Is t(58) a prime number?
False
Suppose 2*g - 5*g = 12. Let d(l) = 253*l**2 - 16*l + 14. Let p(h) = -83*h**2 + 5*h - 5. Let c(q) = -2*d(q) - 7*p(q). Is c(g) a prime number?
False
Let d be (-5)/3 - 1/3 - -4. Suppose 3*a - 26767 = -c - a, 0 = d*c + a - 53520. Is c a composite number?
False
Suppose -1162184 = -131*m + 62535. Is m a composite number?
False
Let f = 211 - 208. Suppose -3*u = -u - f*s - 3115, 0 = 2*u - 5*s - 3113. Is u a composite number?
False
Let f be (8 - 272/24)*9/(-6). Suppose 0 = 2*y + f*p - 4323, -24*y - 2*p - 6437 = -27*y. Is y composite?
True
Suppose -1383 - 339 = -7*q. Let z = 1591 + q. Suppose -4*x + 4579 = 3*a, 5*x - a - 3901 = z. Is x prime?
False
Let m(l) = 11*l**3 - 65*l**2 - 6*l. Let r be m(6). Suppose r = 17*q - 41368 + 8609. Is q prime?
False
Let h(q) = 8795*q + 1988. Is h(21) prime?
False
Is ((-5221784)/32)/(2 - (-18)/(-8)) a prime number?
True
Suppose 157*p - 140*p = 2376617. Is p a composite number?
False
Suppose 60*c - 10*c - 30087194 = -32*c. Is c composite?
False
Suppose -721387 = -8*q - 33